True
Suppose 2*p - 10 = 0, b - p + 5 = 2*b. Suppose -s = 4*j - 4855, 6068 = -b*j + 5*j + s. Is j a composite number?
False
Suppose -2*y - 75*n + 77*n + 52470 = 0, n - 4 = 0. Is y composite?
True
Suppose 4*j + 15 = -r, 0*r - 4*j = 2*r + 14. Let y(c) = 4*c**2. Let l be y(r). Let m(g) = 90*g - 7. Is m(l) a composite number?
False
Let l(c) be the second derivative of -c**5/20 + 5*c**4/6 + 7*c**3/6 - 5*c**2/2 + c. Is l(8) a prime number?
True
Suppose -11*z = -6*z + 30. Let f be (-14298)/(-9) - 2/z. Is 7/(-28) - f/(-4) a composite number?
False
Let t(p) be the first derivative of -19*p**5/60 + 13*p**4/24 + 2*p**3/3 + 2. Let s(m) be the third derivative of t(m). Is s(-5) composite?
True
Let s = -3 - -4. Suppose -2*n + 3 = s. Is (n/(-2))/((-5)/1270) prime?
True
Let i(x) = 1595*x**3 + 5*x**2 - x + 1. Is i(2) a prime number?
False
Let t = 62 - 34. Suppose -3*f + 4*z + t = 0, 6*z = -2*f + z - 12. Is f composite?
True
Suppose 8*f - 36849 = -5*j + 6*f, j - f = 7367. Is j a composite number?
False
Let i = -7289 - -11400. Is i a composite number?
False
Let z(n) = -n**2 - 5*n - 10. Let a be z(-4). Let i(f) = 5*f**2 - 2*f - 1. Is i(a) a prime number?
True
Suppose 4*h = -675 + 8179. Suppose -2*q + 1210 = -h. Is q a composite number?
False
Let z(v) = -2*v + 24. Let g(a) = -3*a + 23. Suppose 4*n = -7 - 1, -o = 5*n + 13. Let q(y) = o*z(y) + 4*g(y). Is q(-11) a prime number?
False
Let b = -5 + -35. Is (-2)/10 - 8928/b prime?
True
Let k = -340 + 19. Let t = k - -900. Is t composite?
True
Let d be 12/(-30) - (-96)/(-10). Let q(t) = -2*t**3 - 14*t**2 - 3*t + 1. Is q(d) composite?
False
Is -2 + 6 - (50016 + -9)/(-3) composite?
False
Let o(x) = x**3 + x**2 - 22. Let t be o(0). Let c = 15 + t. Is 23*(-2 + 1)*c composite?
True
Is -3*((483200/15)/(-8) - 2) a prime number?
False
Suppose 5*a - 21 = 3*o - 4*o, -40 = -4*o + 2*a. Suppose 8*x + 381 = o*x. Is x a composite number?
False
Let z(n) = 5589*n**3 + 4*n**2 - 3*n + 1. Let h(t) = -1863*t**3 - t**2 + t. Let p(u) = 7*h(u) + 2*z(u). Is p(-1) a composite number?
True
Let a = -353 - -1412. Is a prime?
False
Let d(t) = -t + 5. Let x be d(6). Let l be (-2 - 0)*x - -4. Let w(q) = 3*q + 8. Is w(l) composite?
True
Let d be (1/(-2))/(19/(-190)). Suppose r + 19950 = d*n, n + 2*n = r + 11972. Is n composite?
False
Let c be (50/4)/((-1)/(-2)). Let u = -21 + c. Suppose -282 - 590 = -u*r. Is r a composite number?
True
Suppose 0 = -5*i + 4*w + 118, 4*i = -2*w + 164 - 54. Let q be -1 + i + 3 - -2. Let l = q + 175. Is l a prime number?
False
Suppose 12*i - 14*i + 10 = 0. Suppose 3*h + i*z = 64 + 1276, 0 = z - 1. Is h a prime number?
False
Let v(q) = -3*q**2 + 25. Let z be v(5). Let s be (52/12)/(2/(-6)). Let o = s - z. Is o a prime number?
True
Suppose x + 1690 = 6*x. Let l = 4 + -1. Suppose -l = 5*w - x. Is w a composite number?
False
Suppose -36*i = -4*i - 126176. Is i prime?
True
Let s be -2 - (4 - 2 - 7). Suppose -s*v - 2401 = -2*o - 770, 0 = 4*o + 4*v - 3232. Is o a prime number?
True
Let z = 3230 + -897. Is z composite?
False
Is ((-12)/24)/((5/4634)/(-5)) composite?
True
Suppose -5*l = -5*h + 93695, -5*l + 124282 = 5*h + 30547. Is h a prime number?
True
Let q(i) be the first derivative of -i + 12 - 3/2*i**2 + 34*i**3. Is q(-2) a prime number?
False
Let g = -10 + 13. Suppose 2*d = g*w - 30, -w = -d - 0*w - 17. Is ((-422)/3)/(14/d) a prime number?
True
Let p(x) = 7*x**2 + 7*x - 12. Let m be p(-6). Let s = m - -53. Is s a prime number?
True
Suppose -5*y = -p - 42505, -5*y - 4*p + 25503 = -2*y. Is y a prime number?
True
Let v(u) be the first derivative of 5*u**2/2 - 12*u + 1. Let p(m) = m**2 + 3*m + 5. Let d be p(-4). Is v(d) prime?
False
Let h be (21/2)/(-7) + (-2)/(-4). Is 1 + h - -11*(3 - -164) a composite number?
True
Suppose -18*c - 10 = -20*c. Is c - (4 + -836) - (-4 + 2) a prime number?
True
Suppose 4*b + 1082 = 5*i, 0 = 5*i - i - 8. Let n = b + 470. Suppose -4*u + n = -18. Is u a prime number?
False
Let o = -3696 - -5226. Let q = o - 1045. Let p = q - 166. Is p prime?
False
Let n = -1072 + 1072. Suppose -3*d - 2 = 1, -5*d = -5*i + 515. Suppose n*q = -3*q + i. Is q prime?
False
Let j be (-501)/(-15) - 6/15. Suppose j = 3*l - 63. Suppose -l = -h + 57. Is h a prime number?
True
Suppose -4829 = -3*x + 4*k + 4802, 0 = -3*x - 5*k + 9595. Is x prime?
False
Let z(i) = -16*i**3 - 10*i**2 - 11*i - 58. Is z(-13) composite?
False
Suppose 5*u = -m + 204, 0 = 4*m - m + 3*u - 648. Let g = m + -88. Is g prime?
True
Let j(z) = z**2 - 7*z + 5. Let x be j(6). Is (7/(-3))/(x/87) composite?
True
Suppose 2410 = -3*x - 3*h + h, 5*x = 4*h - 4002. Let b = x + 1133. Is b a composite number?
False
Suppose s - 3903 = -c, c - 2634 - 16897 = -5*s. Is s composite?
False
Let c be ((-468)/10)/((-2)/10). Let n = c + -103. Let z = 249 - n. Is z a prime number?
False
Let z(i) = 4*i + 1 - 7*i + 2*i. Let j(c) = -147*c + 12. Let a(f) = -j(f) + 18*z(f). Is a(3) prime?
False
Suppose -40 = 7*h - 9*h. Suppose h*w = 22*w - 1698. Is w a prime number?
False
Is (-106093)/52*-6*(-8)/(-12) a prime number?
True
Suppose -3*v = 0, q - 2 + 0 = 4*v. Suppose q = -j + 5. Suppose 19 = -2*n + j*n. Is n a composite number?
False
Let i = 2135 - -1356. Is i a prime number?
True
Let t(h) = -2174*h + 12. Suppose 0 = 3*i - 6*i - 3. Is t(i) a composite number?
True
Let y = -127 + 1334. Is y a prime number?
False
Is (-2587)/(-4) + (-10)/(-40) a prime number?
True
Suppose -4*d - 88078 = -458154. Is d a prime number?
False
Let x = -35 - -37. Suppose 4*q - 5414 = 2*c, 1669 = x*q - 5*c - 1026. Is q a prime number?
False
Let p(o) = -51*o - 31. Let x(k) = -26*k - 15. Let y(v) = -4*p(v) + 7*x(v). Let r be y(-10). Let t = r - -395. Is t composite?
True
Is ((-244)/(-6))/((-3703)/1239 + 3) prime?
False
Let m = 3772 - 1589. Is m composite?
True
Is (14392/(-8))/(1 + -2) prime?
False
Is 3*(5 - 3) + (15383 - -12) a composite number?
False
Let g = 51 - 47. Suppose 3*z + 2*i - 972 = -i, -g*z + 5*i = -1251. Is z prime?
False
Let o be (-16)/72 + (-2)/(-9). Suppose o = 3*a + u - 10942, 763 + 2888 = a + 4*u. Is a a prime number?
False
Let y(v) = 5*v**2 - 49*v + 27. Is y(24) composite?
True
Suppose 444*x = 441*x + 15423. Is x composite?
True
Suppose j = 4*n - 11, n - 4*j - 22 = -4*n. Suppose -2*l = n*l. Suppose -4*z - 3*q + 1651 = l, 4*z - 3*z - 421 = 2*q. Is z a prime number?
False
Let r(k) be the second derivative of k**5/20 - 5*k**4/12 + k**3/3 - 3*k**2 + 2*k. Let l be r(4). Let u = l - -81. Is u composite?
False
Let a(k) = -4*k**2 - 111*k - 29. Is a(-24) a prime number?
True
Is 10167*(5 + 84/(-18)) a prime number?
True
Let l be -2 + 53535/(-12) - (-3)/(-4). Let o(u) = -u**3 - 7*u**2 - u. Let z be o(-6). Is l/z - 1/(-5) a prime number?
True
Let v(g) = -g**3 + 3*g**2 - 4*g + 4. Let r be v(3). Let f(a) = 110*a + 14. Let s(z) = -37*z - 5. Let n(w) = -6*f(w) - 17*s(w). Is n(r) a composite number?
True
Is (-40889)/(-1 + (-11 - -11)) prime?
False
Let v be (-4)/14 - (4 - (-456)/(-28)). Is (8/v)/(10/3285) prime?
False
Let j(f) be the second derivative of -11*f**3/6 - f. Suppose -33 = 241*o - 230*o. Is j(o) a composite number?
True
Suppose 4*a - 23226 = -2*b, 5*a - 16425 = -3*b + 12605. Is a a prime number?
False
Suppose -78*l - 2*l = -347280. Is l a composite number?
True
Let f = 31 - 477. Let d = f + -8. Let z = d - -719. Is z prime?
False
Suppose -2*x = -5*x + 9. Suppose x*y = 4*a + 2015, y + 3*y = -2*a + 2716. Is y prime?
True
Let i(l) = 2*l**3 + 7*l + 18. Let z(b) = -4*b + 19. Let u be z(3). Is i(u) prime?
False
Suppose i - 942 = 5*m, m = -4*i + 5*m + 3752. Is i prime?
True
Suppose -37388 = 21*m - 47*m. Is m a composite number?
True
Let b(w) = 223*w**2 - 5*w - 4. Let i be b(-4). Suppose 3*o - 4504 = -5*k - 0*o, 4*k - 4*o - i = 0. Is k a composite number?
True
Let l be 10/10*(3/1 + 1). Suppose -5*x - l*m + 2473 = 0, -2*m + 604 = 2*x - 386. Is x prime?
False
Let b = -3964 + 13165. Is b prime?
False
Is 6/(-20) - 199793/(-410) a prime number?
True
Let h(j) = 29*j**3 - 4*j**2 + 3*j. Let a(q) = 28*q**3 - 3*q**2 + 2*q. Let s(r) = 5*a(r) - 4*h(r). Let z be s(2). Is z/(1 - -1) - -1 composite?
False
Let h be (2/3)/((-3)/(-621)). Let m = h + -83. Suppose 0 = s - m - 166. Is s prime?
False
Suppose 6*l = 3*l + 264. Suppose 208 = -5*q + x - 2*x, 5*x = -5*q - 220. Let f = l + q. Is f prime?
True
Let u be (-1)/(3/9) + 12. Let c